 is divided by 1557?
15
Calculate the remainder when 370 is divided by 139.
92
What is the remainder when 9706 is divided by 4842?
22
Calculate the remainder when 18174 is divided by 2014.
48
Calculate the remainder when 47910 is divided by 53.
51
Calculate the remainder when 2949 is divided by 1368.
213
What is the remainder when 282989 is divided by 769?
766
What is the remainder when 131113 is divided by 204?
145
What is the remainder when 6043 is divided by 120?
43
Calculate the remainder when 474224 is divided by 134.
132
What is the remainder when 49631 is divided by 136?
127
What is the remainder when 85970 is divided by 262?
34
Calculate the remainder when 2968 is divided by 52.
4
Calculate the remainder when 20958 is divided by 2987.
49
Calculate the remainder when 14819 is divided by 12.
11
Calculate the remainder when 5267 is divided by 252.
227
What is the remainder when 397 is divided by 397?
0
Calculate the remainder when 1730 is divided by 339.
35
Calculate the remainder when 15431 is divided by 184.
159
What is the remainder when 4400 is divided by 569?
417
Calculate the remainder when 872493 is divided by 614.
613
What is the remainder when 23016 is divided by 549?
507
What is the remainder when 53529 is divided by 1374?
1317
Calculate the remainder when 8104917 is divided by 548.
545
What is the remainder when 123717 is divided by 307?
303
Calculate the remainder when 16023 is divided by 2282.
49
What is the remainder when 1070758 is divided by 77?
73
Calculate the remainder when 3067153 is divided by 1391.
1389
What is the remainder when 153364 is divided by 3?
1
What is the remainder when 595678 is divided by 16?
14
What is the remainder when 9177 is divided by 1027?
961
What is the remainder when 255201 is divided by 19?
12
Calculate the remainder when 114990 is divided by 8.
6
Calculate the remainder when 42191 is divided by 474.
5
Calculate the remainder when 2453 is divided by 514.
397
What is the remainder when 84906 is divided by 318?
0
Calculate the remainder when 108009 is divided by 15.
9
Calculate the remainder when 35268 is divided by 68.
44
Calculate the remainder when 17282 is divided by 1569.
23
What is the remainder when 758 is divided by 83?
11
Calculate the remainder when 27992 is divided by 330.
272
What is the remainder when 290560 is divided by 403?
400
Calculate the remainder when 918 is divided by 44.
38
Calculate the remainder when 46342 is divided by 7722.
10
What is the remainder when 21177 is divided by 120?
57
What is the remainder when 86344 is divided by 792?
16
Calculate the remainder when 1203 is divided by 51.
30
Calculate the remainder when 49925 is divided by 2001.
1901
Calculate the remainder when 4280 is divided by 609.
17
What is the remainder when 19203 is divided by 478?
83
What is the remainder when 12518 is divided by 108?
98
What is the remainder when 1184683 is divided by 9?
4
Calculate the remainder when 5324 is divided by 389.
267
Calculate the remainder when 65623 is divided by 175.
173
Calculate the remainder when 2399417 is divided by 1918.
1917
What is the remainder when 5248 is divided by 79?
34
What is the remainder when 687712 is divided by 17?
11
What is the remainder when 948232 is divided by 253?
241
What is the remainder when 25150 is divided by 4965?
325
What is the remainder when 61025 is divided by 15253?
13
Calculate the remainder when 18938 is divided by 204.
170
Calculate the remainder when 1879634 is divided by 22.
20
Calculate the remainder when 1102 is divided by 67.
30
Calculate the remainder when 80825 is divided by 23.
3
Calculate the remainder when 150239 is divided by 4694.
31
What is the remainder when 741554 is divided by 370773?
8
What is the remainder when 43078 is divided by 342?
328
Calculate the remainder when 201883 is divided by 151.
147
Calculate the remainder when 8941 is divided by 214.
167
What is the remainder when 2570 is divided by 391?
224
Calculate the remainder when 11444 is divided by 3810.
14
What is the remainder when 34164 is divided by 510?
504
Calculate the remainder when 60418 is divided by 57.
55
What is the remainder when 5420 is divided by 456?
404
Calculate the remainder when 1066 is divided by 277.
235
Calculate the remainder when 254952 is divided by 36416.
40
Calculate the remainder when 47250 is divided by 3634.
8
What is the remainder when 33799 is divided by 4?
3
Calculate the remainder when 4561 is divided by 200.
161
What is the remainder when 3949 is divided by 221?
192
What is the remainder when 1648 is divided by 283?
233
What is the remainder when 718 is divided by 179?
2
Calculate the remainder when 2781 is divided by 192.
93
What is the remainder when 81350 is divided by 550?
500
What is the remainder when 57716 is divided by 40?
36
Calculate the remainder when 48477 is divided by 24229.
19
Calculate the remainder when 3806 is divided by 119.
117
What is the remainder when 27905 is divided by 358?
339
What is the remainder when 1333 is divided by 237?
148
Calculate the remainder when 2973 is divided by 303.
246
Calculate the remainder when 21806 is divided by 158.
2
Calculate the remainder when 22093 is divided by 3682.
1
Calculate the remainder when 31612 is divided by 275.
262
What is the remainder when 12450 is divided by 6160?
130
What is the remainder when 25161 is divided by 8381?
18
Calculate the remainder when 85616 is divided by 82.
8
What is the remainder when 304 is divided by 190?
114
Calculate the remainder when 24298 is divided by 12139.
20
What is the remainder when 89974 is divided by 166?
2
Calculate the remainder when 7701 is divided by 100.
1
Calculate the remainder when 176179 is divided by 92.
91
Calculate the remainder when 97999 is divided by 111.
97
What is the remainder when 3669 is divided by 277?
68
What is the remainder when 80300 is divided by 24?
20
Calculate the remainder when 8197680 is divided by 507.
504
What is the remainder when 30811 is divided by 487?
130
What is the remainder when 10166 is divided by 212?
202
What is the remainder when 226439 is divided by 333?
332
Calculate the remainder when 181795 is divided by 126.
103
Calculate the remainder when 359516 is divided by 66.
14
What is the remainder when 4107 is divided by 617?
405
What is the remainder when 177075 is divided by 19?
14
What is the remainder when 8297 is divided by 1659?
2
Calculate the remainder when 2240539 is divided by 8.
3
Calculate the remainder when 5411 is divided by 259.
231
Calculate the remainder when 349 is divided by 160.
29
What is the remainder when 723487 is divided by 116?
111
What is the remainder when 276573 is divided by 299?
297
What is the remainder when 279 is divided by 143?
136
Calculate the remainder when 45146 is divided by 104.
10
What is the remainder when 137177 is divided by 68587?
3
Calculate the remainder when 137048 is divided by 56.
16
Calculate the remainder when 18376 is divided by 592.
24
Calculate the remainder when 48334 is divided by 315.
139
Calculate the remainder when 72104 is divided by 17996.
120
What is the remainder when 3844 is divided by 54?
10
What is the remainder when 1084 is divided by 244?
108
What is the remainder when 13604 is divided by 39?
32
Calculate the remainder when 1373415 is divided by 11639.
13
What is the remainder when 2385 is divided by 2279?
106
What is the remainder when 13675 is divided by 138?
13
What is the remainder when 6417 is divided by 13?
8
Calculate the remainder when 85214 is divided by 17042.
4
What is the remainder when 2126 is divided by 16?
14
Calculate the remainder when 1512196 is divided by 216028.
0
Calculate the remainder when 133230 is divided by 140.
90
What is the remainder when 501 is divided by 52?
33
What is the remainder when 5604 is divided by 59?
58
What is the remainder when 19016 is divided by 41?
33
Calculate the remainder when 44799 is divided by 2481.
141
What is the remainder when 302 is divided by 148?
6
What is the remainder when 1291557 is divided by 94?
91
Calculate the remainder when 6054 is divided by 223.
33
Calculate the remainder when 2121 is divided by 299.
28
What is the remainder when 198944 is divided by 703?
698
What is the remainder when 21086 is divided by 213?
212
What is the rema